{"id":113,"date":"2021-05-11T17:40:21","date_gmt":"2021-05-11T17:40:21","guid":{"rendered":"http:\/\/www.le.com.br\/blog\/?page_id=113"},"modified":"2021-05-11T17:44:51","modified_gmt":"2021-05-11T17:44:51","slug":"politica-de-privacidade","status":"publish","type":"page","link":"https:\/\/le.com.br\/blog\/politica-de-privacidade\/","title":{"rendered":"Pol\u00edtica de privacidade"},"content":{"rendered":"\n<h2 class=\"wp-block-heading\"><strong>Quem somos<\/strong><\/h2>\n\n\n\n<p>Somos o Grupo Editorial L\u00ea,que abrange as editoras L\u00ea, Compor e Abacatte. O nosso endere\u00e7o virtual \u00e9: http:\/\/www.le.com.br.<\/p>\n\n\n\n<h2 class=\"wp-block-heading\"><strong>Coleta de dados<\/strong><\/h2>\n\n\n\n<p>Quando os visitantes deixam coment\u00e1rios em nosso site, coletamos os dados mostrados no formul\u00e1rio, al\u00e9m do endere\u00e7o do IP e dados do navegador do visitante. Isso nos auxilia na detec\u00e7\u00e3o de spam.<\/p>\n\n\n\n<p>Uma sequ\u00eancia anonimizada de caracteres criada a partir do seu e-mail (tamb\u00e9m chamada de hash) poder\u00e1 ser enviada para o Gravatar. Isso serve para verificar se voc\u00ea realmente usa o servi\u00e7o. A pol\u00edtica de privacidade do Gravatar est\u00e1 dispon\u00edvel no endere\u00e7o https:\/\/automattic.com\/privacy\/. Depois da aprova\u00e7\u00e3o do seu coment\u00e1rio, a foto do seu perfil fica vis\u00edvel publicamente.<\/p>\n\n\n\n<h2 class=\"wp-block-heading\"><strong>M\u00eddia<\/strong><\/h2>\n\n\n\n<p>Se voc\u00ea envia imagens para o site, evite enviar as que contenham dados de localiza\u00e7\u00e3o incorporados, tais como EXIF ou GPS. Os visitantes podem baixar essas imagens do site e extrair delas os seus dados de localiza\u00e7\u00e3o.<\/p>\n\n\n\n<h2 class=\"wp-block-heading\"><strong>Cookies<\/strong><\/h2>\n\n\n\n<p>Ao deixar um coment\u00e1rio, voc\u00ea pode optar por salvar seu nome, e-mail e site nos cookies. Isso visa o seu conforto, para que voc\u00ea precise preencher seus dados novamente quando fizer outro coment\u00e1rio. Esses cookies duram um ano.<\/p>\n\n\n\n<p>Se voc\u00ea j\u00e1 tem uma conta e acessa este site, um cookie tempor\u00e1rio ser\u00e1 criado para determinar se seu navegador os aceita. Esse cookie tempor\u00e1rio n\u00e3o coleta qualquer dado pessoal e ser\u00e1 descartado assim que voc\u00ea fechar o navegador.<\/p>\n\n\n\n<p>Quando voc\u00ea acessa a sua conta no site, tamb\u00e9m criamos v\u00e1rios cookies para salvar os dados da sua conta e suas escolhas de exibi\u00e7\u00e3o de tela. Os cookies de login s\u00e3o mantidos por dois dias e os de op\u00e7\u00f5es de tela, por um ano. Se voc\u00ea selecionar &#8220;Lembrar-me&#8221;, seu acesso ser\u00e1 mantido por duas semanas. Se voc\u00ea se desconectar da sua conta, os cookies de login tamb\u00e9m ser\u00e3o removidos.<\/p>\n\n\n\n<p>Se voc\u00ea editar ou publicar um artigo, um cookie adicional ser\u00e1 salvo em seu navegador. Esse cookie n\u00e3o inclui nenhum dado pessoal. Ele simplesmente indica o ID do post referente ao artigo que voc\u00ea acabou de editar e expira depois de 1 dia.<\/p>\n\n\n\n<h2 class=\"wp-block-heading\"><strong>M\u00eddia incorporada de outros sites<\/strong><\/h2>\n\n\n\n<p>Artigos neste site podem incluir conte\u00fado incorporado como v\u00eddeos, imagens, artigos etc. Esses conte\u00fados incorporados funcionam e se comportam da mesma forma que no site original.<\/p>\n\n\n\n<p>Esses sites podem coletar dados sobre voc\u00ea, usar cookies, incorporar rastreamento adicional de terceiros e monitorar sua intera\u00e7\u00e3o com o conte\u00fado incorporado. Isso inclui a sua intera\u00e7\u00e3o com o conte\u00fado incorporado se voc\u00ea tem uma conta e est\u00e1 conectado com o site.<\/p>\n\n\n\n<h2 class=\"wp-block-heading\"><strong>Com quem partilhamos os seus dados<\/strong><\/h2>\n\n\n\n<p>Caso voc\u00ea solicite uma redefini\u00e7\u00e3o de senha, o seu endere\u00e7o de IP ser\u00e1 inclu\u00eddo no e-mail fornecido.<\/p>\n\n\n\n<h2 class=\"wp-block-heading\"><strong>Por quanto tempo mantemos os seus dados<\/strong><\/h2>\n\n\n\n<p>Se voc\u00ea deixar um coment\u00e1rio, o coment\u00e1rio e os seus metadados ser\u00e3o conservados indefinidamente. Fazemos isso para que seja poss\u00edvel reconhecer e aprovar automaticamente qualquer coment\u00e1rio posterior, em vez de ret\u00ea-lo para modera\u00e7\u00e3o.<\/p>\n\n\n\n<p>Para usu\u00e1rios que se registram no nosso site, tamb\u00e9m guardamos as informa\u00e7\u00f5es pessoais que fornecem em seu perfil de usu\u00e1rio. Todos podem ver, editar ou excluir suas informa\u00e7\u00f5es pessoais a qualquer momento, s\u00f3 n\u00e3o \u00e9 poss\u00edvel alterar o seu nome de usu\u00e1rio. Os administradores do site tamb\u00e9m podem ver e editar essas informa\u00e7\u00f5es.<\/p>\n\n\n\n<h2 class=\"wp-block-heading\"><strong>Quais s\u00e3o os seus direitos sobre seus dados<\/strong><\/h2>\n\n\n\n<p>Se voc\u00ea tiver uma conta neste site ou se tiver deixado coment\u00e1rios, pode solicitar um arquivo exportado dos dados pessoais que mantemos sobre voc\u00ea, inclusive os dados que porventura tenha nos fornecido. Voc\u00ea tamb\u00e9m pode solicitar a remo\u00e7\u00e3o de qualquer dado pessoal que mantemos. No entanto, isso n\u00e3o inclui dados que somos obrigados a manter para prop\u00f3sitos administrativos, legais e de seguran\u00e7a.<\/p>\n\n\n\n<h2 class=\"wp-block-heading\"><strong>Para onde enviamos os seus dados<\/strong><\/h2>\n\n\n\n<p>Os coment\u00e1rios de visitantes podem ser marcados por um servi\u00e7o autom\u00e1tico de detec\u00e7\u00e3o de spam.<\/p>\n","protected":false},"excerpt":{"rendered":"<p>Quem somos Somos o Grupo Editorial L\u00ea,que abrange as editoras L\u00ea, Compor e Abacatte. O nosso endere\u00e7o virtual \u00e9: http:\/\/www.le.com.br. Coleta de dados Quando os visitantes deixam coment\u00e1rios em nosso site, coletamos os dados mostrados no formul\u00e1rio, al\u00e9m do endere\u00e7o [&hellip;]<\/p>\n","protected":false},"author":1,"featured_media":0,"parent":0,"menu_order":0,"comment_status":"closed","ping_status":"closed","template":"","meta":{"footnotes":""},"_links":{"self":[{"href":"https:\/\/le.com.br\/blog\/wp-json\/wp\/v2\/pages\/113"}],"collection":[{"href":"https:\/\/le.com.br\/blog\/wp-json\/wp\/v2\/pages"}],"about":[{"href":"https:\/\/le.com.br\/blog\/wp-json\/wp\/v2\/types\/page"}],"author":[{"embeddable":true,"href":"https:\/\/le.com.br\/blog\/wp-json\/wp\/v2\/users\/1"}],"replies":[{"embeddable":true,"href":"https:\/\/le.com.br\/blog\/wp-json\/wp\/v2\/comments?post=113"}],"version-history":[{"count":3,"href":"https:\/\/le.com.br\/blog\/wp-json\/wp\/v2\/pages\/113\/revisions"}],"predecessor-version":[{"id":136,"href":"https:\/\/le.com.br\/blog\/wp-json\/wp\/v2\/pages\/113\/revisions\/136"}],"wp:attachment":[{"href":"https:\/\/le.com.br\/blog\/wp-json\/wp\/v2\/media?parent=113"}],"curies":[{"name":"wp","href":"https:\/\/api.w.org\/{rel}","templated":true}]}}